{"id":2976,"date":"2024-06-14T09:56:31","date_gmt":"2024-06-14T08:56:31","guid":{"rendered":"https:\/\/www.zeitgeistirland24.com\/event\/bloomsday-in-der-uckermark\/"},"modified":"2024-06-14T09:56:31","modified_gmt":"2024-06-14T08:56:31","slug":"bloomsday-in-der-uckermark","status":"publish","type":"tribe_events","link":"https:\/\/www.zeitgeistirland24.com\/de\/event\/bloomsday-in-der-uckermark\/","title":{"rendered":"Bloomsday in der Uckermark"},"content":{"rendered":"<p>In Warnitz in der Uckermark (Brandenburg) wird der 120. Jahrestag des vom irischen Schriftsteller James Joyce in seinem weltber\u00fchmten Roman Ulysses beschriebenen Tages im Jahr 1904 gefeiert, an dem sein Held Leopold Bloom von 8 Uhr morgens bis nach Mitternacht durch Dublin wanderte und alles M\u00f6gliche dachte und erlebte. Gleichzeitig ist es der 70. Jahrestag des ersten Bloomsday, der damals von den Schriftstellern Patrick Kavanagh, John Ryan und Flann O&#8217;Brien in Irland gefeiert wurde. <\/p>\n<p>Der irische Schriftsteller und Kritiker Liam Mac C\u00f3il schlie\u00dft sich einer Gruppe von eingeladenen Rednern und Lesern an, um den Tag mit einem umfassenden und abwechslungsreichen Programm zu begehen. Den Auftakt bildet ein &#8216;Bloomsday-Lunch&#8217; um 14:00 Uhr: Gorgonzola-Sandwiches mit \u201cthe feety savour of green cheese\u201d und Burgunder Rotwein \u201cthe mild fire of wine\u201d.<\/p>\n","protected":false},"excerpt":{"rendered":"<p>Ein festlicher Tag in Brandenburg zu Ehren von James Joyce&#8217; Romanklassiker Ulysses<\/p>\n","protected":false},"author":12,"featured_media":2991,"comment_status":"closed","ping_status":"closed","template":"","meta":{"_acf_changed":false,"_uag_custom_page_level_css":"","_tribe_events_status":"","_tribe_events_status_reason":"","_tribe_events_is_hybrid":"","_tribe_events_is_virtual":"","_tribe_events_virtual_video_source":"","_tribe_events_virtual_embed_video":"","_tribe_events_virtual_linked_button_text":"","_tribe_events_virtual_linked_button":"","_tribe_events_virtual_show_embed_at":"","_tribe_events_virtual_show_embed_to":[],"_tribe_events_virtual_show_on_event":"","_tribe_events_virtual_show_on_views":"","_tribe_events_virtual_url":"","footnotes":""},"tags":[],"tribe_events_cat":[],"class_list":["post-2976","tribe_events","type-tribe_events","status-publish","has-post-thumbnail","hentry"],"acf":[],"yoast_head":"<!-- This site is optimized with the Yoast SEO plugin v25.0 - https:\/\/yoast.com\/wordpress\/plugins\/seo\/ -->\n<title>Bloomsday in der Uckermark - Zeitgeist Irland 24<\/title>\n<meta name=\"robots\" content=\"index, follow, max-snippet:-1, max-image-preview:large, max-video-preview:-1\" \/>\n<link rel=\"canonical\" href=\"https:\/\/www.zeitgeistirland24.com\/event\/bloomsday-in-der-uckermark\/\" \/>\n<meta property=\"og:locale\" content=\"de_DE\" \/>\n<meta property=\"og:type\" content=\"article\" \/>\n<meta property=\"og:title\" content=\"Bloomsday in der Uckermark - Zeitgeist Irland 24\" \/>\n<meta property=\"og:description\" content=\"Ein festlicher Tag in Brandenburg zu Ehren von James Joyce&#039; Romanklassiker Ulysses\" \/>\n<meta property=\"og:url\" content=\"https:\/\/www.zeitgeistirland24.com\/event\/bloomsday-in-der-uckermark\/\" \/>\n<meta property=\"og:site_name\" content=\"Zeitgeist Irland 24\" \/>\n<meta property=\"article:publisher\" content=\"https:\/\/www.facebook.com\/DepartmentofCultureIRL\/\" \/>\n<meta name=\"twitter:card\" content=\"summary_large_image\" \/>\n<meta name=\"twitter:site\" content=\"@DeptCultureIRL\" \/>\n<meta name=\"twitter:label1\" content=\"Est. reading time\" \/>\n\t<meta name=\"twitter:data1\" content=\"1 minute\" \/>\n<script type=\"application\/ld+json\" class=\"yoast-schema-graph\">{\"@context\":\"https:\/\/schema.org\",\"@graph\":[{\"@type\":\"WebPage\",\"@id\":\"https:\/\/www.zeitgeistirland24.com\/event\/bloomsday-in-der-uckermark\/\",\"url\":\"https:\/\/www.zeitgeistirland24.com\/event\/bloomsday-in-der-uckermark\/\",\"name\":\"Bloomsday in der Uckermark - Zeitgeist Irland 24\",\"isPartOf\":{\"@id\":\"https:\/\/www.zeitgeistirland24.com\/#website\"},\"primaryImageOfPage\":{\"@id\":\"https:\/\/www.zeitgeistirland24.com\/event\/bloomsday-in-der-uckermark\/#primaryimage\"},\"image\":{\"@id\":\"https:\/\/www.zeitgeistirland24.com\/event\/bloomsday-in-der-uckermark\/#primaryimage\"},\"thumbnailUrl\":\"https:\/\/www.zeitgeistirland24.com\/app\/uploads\/2024\/05\/960-x-640-ZI24-webimage-9.png\",\"datePublished\":\"2024-06-14T08:56:31+00:00\",\"breadcrumb\":{\"@id\":\"https:\/\/www.zeitgeistirland24.com\/event\/bloomsday-in-der-uckermark\/#breadcrumb\"},\"inLanguage\":\"de-DE\",\"potentialAction\":[{\"@type\":\"ReadAction\",\"target\":[\"https:\/\/www.zeitgeistirland24.com\/event\/bloomsday-in-der-uckermark\/\"]}]},{\"@type\":\"ImageObject\",\"inLanguage\":\"de-DE\",\"@id\":\"https:\/\/www.zeitgeistirland24.com\/event\/bloomsday-in-der-uckermark\/#primaryimage\",\"url\":\"https:\/\/www.zeitgeistirland24.com\/app\/uploads\/2024\/05\/960-x-640-ZI24-webimage-9.png\",\"contentUrl\":\"https:\/\/www.zeitgeistirland24.com\/app\/uploads\/2024\/05\/960-x-640-ZI24-webimage-9.png\",\"width\":960,\"height\":640,\"caption\":\"M\u00edne Mac C\u00f3il, Liam Mac C\u00f3il, Cornelia Jentzsch (Photo: Uta Baatz)\"},{\"@type\":\"BreadcrumbList\",\"@id\":\"https:\/\/www.zeitgeistirland24.com\/event\/bloomsday-in-der-uckermark\/#breadcrumb\",\"itemListElement\":[{\"@type\":\"ListItem\",\"position\":1,\"name\":\"Home\",\"item\":\"https:\/\/www.zeitgeistirland24.com\/de\/\"},{\"@type\":\"ListItem\",\"position\":2,\"name\":\"Events\",\"item\":\"https:\/\/www.zeitgeistirland24.com\/events\/\"},{\"@type\":\"ListItem\",\"position\":3,\"name\":\"Bloomsday in der Uckermark\"}]},{\"@type\":\"WebSite\",\"@id\":\"https:\/\/www.zeitgeistirland24.com\/#website\",\"url\":\"https:\/\/www.zeitgeistirland24.com\/\",\"name\":\"Zeitgeist Irland 24\",\"description\":\"A season of Irish arts and culture in Germany throughout 2024\",\"publisher\":{\"@id\":\"https:\/\/www.zeitgeistirland24.com\/#organization\"},\"potentialAction\":[{\"@type\":\"SearchAction\",\"target\":{\"@type\":\"EntryPoint\",\"urlTemplate\":\"https:\/\/www.zeitgeistirland24.com\/?s={search_term_string}\"},\"query-input\":{\"@type\":\"PropertyValueSpecification\",\"valueRequired\":true,\"valueName\":\"search_term_string\"}}],\"inLanguage\":\"de-DE\"},{\"@type\":\"Organization\",\"@id\":\"https:\/\/www.zeitgeistirland24.com\/#organization\",\"name\":\"Zeitgeist Irland 24\",\"url\":\"https:\/\/www.zeitgeistirland24.com\/\",\"logo\":{\"@type\":\"ImageObject\",\"inLanguage\":\"de-DE\",\"@id\":\"https:\/\/www.zeitgeistirland24.com\/#\/schema\/logo\/image\/\",\"url\":\"https:\/\/www.zeitgeistirland24.com\/app\/uploads\/2023\/11\/zeitgeist-logo.png\",\"contentUrl\":\"https:\/\/www.zeitgeistirland24.com\/app\/uploads\/2023\/11\/zeitgeist-logo.png\",\"width\":640,\"height\":352,\"caption\":\"Zeitgeist Irland 24\"},\"image\":{\"@id\":\"https:\/\/www.zeitgeistirland24.com\/#\/schema\/logo\/image\/\"},\"sameAs\":[\"https:\/\/www.facebook.com\/DepartmentofCultureIRL\/\",\"https:\/\/x.com\/DeptCultureIRL\",\"https:\/\/www.instagram.com\/tourism.culture.gaeltacht\"]}]}<\/script>\n<!-- \/ Yoast SEO plugin. -->","yoast_head_json":{"title":"Bloomsday in der Uckermark - Zeitgeist Irland 24","robots":{"index":"index","follow":"follow","max-snippet":"max-snippet:-1","max-image-preview":"max-image-preview:large","max-video-preview":"max-video-preview:-1"},"canonical":"https:\/\/www.zeitgeistirland24.com\/event\/bloomsday-in-der-uckermark\/","og_locale":"de_DE","og_type":"article","og_title":"Bloomsday in der Uckermark - Zeitgeist Irland 24","og_description":"Ein festlicher Tag in Brandenburg zu Ehren von James Joyce' Romanklassiker Ulysses","og_url":"https:\/\/www.zeitgeistirland24.com\/event\/bloomsday-in-der-uckermark\/","og_site_name":"Zeitgeist Irland 24","article_publisher":"https:\/\/www.facebook.com\/DepartmentofCultureIRL\/","twitter_card":"summary_large_image","twitter_site":"@DeptCultureIRL","twitter_misc":{"Est. reading time":"1 minute"},"schema":{"@context":"https:\/\/schema.org","@graph":[{"@type":"WebPage","@id":"https:\/\/www.zeitgeistirland24.com\/event\/bloomsday-in-der-uckermark\/","url":"https:\/\/www.zeitgeistirland24.com\/event\/bloomsday-in-der-uckermark\/","name":"Bloomsday in der Uckermark - Zeitgeist Irland 24","isPartOf":{"@id":"https:\/\/www.zeitgeistirland24.com\/#website"},"primaryImageOfPage":{"@id":"https:\/\/www.zeitgeistirland24.com\/event\/bloomsday-in-der-uckermark\/#primaryimage"},"image":{"@id":"https:\/\/www.zeitgeistirland24.com\/event\/bloomsday-in-der-uckermark\/#primaryimage"},"thumbnailUrl":"https:\/\/www.zeitgeistirland24.com\/app\/uploads\/2024\/05\/960-x-640-ZI24-webimage-9.png","datePublished":"2024-06-14T08:56:31+00:00","breadcrumb":{"@id":"https:\/\/www.zeitgeistirland24.com\/event\/bloomsday-in-der-uckermark\/#breadcrumb"},"inLanguage":"de-DE","potentialAction":[{"@type":"ReadAction","target":["https:\/\/www.zeitgeistirland24.com\/event\/bloomsday-in-der-uckermark\/"]}]},{"@type":"ImageObject","inLanguage":"de-DE","@id":"https:\/\/www.zeitgeistirland24.com\/event\/bloomsday-in-der-uckermark\/#primaryimage","url":"https:\/\/www.zeitgeistirland24.com\/app\/uploads\/2024\/05\/960-x-640-ZI24-webimage-9.png","contentUrl":"https:\/\/www.zeitgeistirland24.com\/app\/uploads\/2024\/05\/960-x-640-ZI24-webimage-9.png","width":960,"height":640,"caption":"M\u00edne Mac C\u00f3il, Liam Mac C\u00f3il, Cornelia Jentzsch (Photo: Uta Baatz)"},{"@type":"BreadcrumbList","@id":"https:\/\/www.zeitgeistirland24.com\/event\/bloomsday-in-der-uckermark\/#breadcrumb","itemListElement":[{"@type":"ListItem","position":1,"name":"Home","item":"https:\/\/www.zeitgeistirland24.com\/de\/"},{"@type":"ListItem","position":2,"name":"Events","item":"https:\/\/www.zeitgeistirland24.com\/events\/"},{"@type":"ListItem","position":3,"name":"Bloomsday in der Uckermark"}]},{"@type":"WebSite","@id":"https:\/\/www.zeitgeistirland24.com\/#website","url":"https:\/\/www.zeitgeistirland24.com\/","name":"Zeitgeist Irland 24","description":"A season of Irish arts and culture in Germany throughout 2024","publisher":{"@id":"https:\/\/www.zeitgeistirland24.com\/#organization"},"potentialAction":[{"@type":"SearchAction","target":{"@type":"EntryPoint","urlTemplate":"https:\/\/www.zeitgeistirland24.com\/?s={search_term_string}"},"query-input":{"@type":"PropertyValueSpecification","valueRequired":true,"valueName":"search_term_string"}}],"inLanguage":"de-DE"},{"@type":"Organization","@id":"https:\/\/www.zeitgeistirland24.com\/#organization","name":"Zeitgeist Irland 24","url":"https:\/\/www.zeitgeistirland24.com\/","logo":{"@type":"ImageObject","inLanguage":"de-DE","@id":"https:\/\/www.zeitgeistirland24.com\/#\/schema\/logo\/image\/","url":"https:\/\/www.zeitgeistirland24.com\/app\/uploads\/2023\/11\/zeitgeist-logo.png","contentUrl":"https:\/\/www.zeitgeistirland24.com\/app\/uploads\/2023\/11\/zeitgeist-logo.png","width":640,"height":352,"caption":"Zeitgeist Irland 24"},"image":{"@id":"https:\/\/www.zeitgeistirland24.com\/#\/schema\/logo\/image\/"},"sameAs":["https:\/\/www.facebook.com\/DepartmentofCultureIRL\/","https:\/\/x.com\/DeptCultureIRL","https:\/\/www.instagram.com\/tourism.culture.gaeltacht"]}]}},"uagb_featured_image_src":{"full":["https:\/\/www.zeitgeistirland24.com\/app\/uploads\/2024\/05\/960-x-640-ZI24-webimage-9.png",960,640,false],"thumbnail":["https:\/\/www.zeitgeistirland24.com\/app\/uploads\/2024\/05\/960-x-640-ZI24-webimage-9-150x150.png",150,150,true],"medium":["https:\/\/www.zeitgeistirland24.com\/app\/uploads\/2024\/05\/960-x-640-ZI24-webimage-9-300x200.png",300,200,true],"medium_large":["https:\/\/www.zeitgeistirland24.com\/app\/uploads\/2024\/05\/960-x-640-ZI24-webimage-9-768x512.png",768,512,true],"large":["https:\/\/www.zeitgeistirland24.com\/app\/uploads\/2024\/05\/960-x-640-ZI24-webimage-9.png",960,640,false],"1536x1536":["https:\/\/www.zeitgeistirland24.com\/app\/uploads\/2024\/05\/960-x-640-ZI24-webimage-9.png",960,640,false],"2048x2048":["https:\/\/www.zeitgeistirland24.com\/app\/uploads\/2024\/05\/960-x-640-ZI24-webimage-9.png",960,640,false],"gform-image-choice-sm":["https:\/\/www.zeitgeistirland24.com\/app\/uploads\/2024\/05\/960-x-640-ZI24-webimage-9.png",300,200,false],"gform-image-choice-md":["https:\/\/www.zeitgeistirland24.com\/app\/uploads\/2024\/05\/960-x-640-ZI24-webimage-9.png",400,267,false],"gform-image-choice-lg":["https:\/\/www.zeitgeistirland24.com\/app\/uploads\/2024\/05\/960-x-640-ZI24-webimage-9.png",600,400,false]},"uagb_author_info":{"display_name":"Ciaran Walsh","author_link":"https:\/\/www.zeitgeistirland24.com\/de\/author\/ciaranw\/"},"uagb_comment_info":0,"uagb_excerpt":"Ein festlicher Tag in Brandenburg zu Ehren von James Joyce' Romanklassiker Ulysses","_links":{"self":[{"href":"https:\/\/www.zeitgeistirland24.com\/de\/wp-json\/wp\/v2\/tribe_events\/2976","targetHints":{"allow":["GET"]}}],"collection":[{"href":"https:\/\/www.zeitgeistirland24.com\/de\/wp-json\/wp\/v2\/tribe_events"}],"about":[{"href":"https:\/\/www.zeitgeistirland24.com\/de\/wp-json\/wp\/v2\/types\/tribe_events"}],"author":[{"embeddable":true,"href":"https:\/\/www.zeitgeistirland24.com\/de\/wp-json\/wp\/v2\/users\/12"}],"replies":[{"embeddable":true,"href":"https:\/\/www.zeitgeistirland24.com\/de\/wp-json\/wp\/v2\/comments?post=2976"}],"version-history":[{"count":0,"href":"https:\/\/www.zeitgeistirland24.com\/de\/wp-json\/wp\/v2\/tribe_events\/2976\/revisions"}],"wp:featuredmedia":[{"embeddable":true,"href":"https:\/\/www.zeitgeistirland24.com\/de\/wp-json\/wp\/v2\/media\/2991"}],"wp:attachment":[{"href":"https:\/\/www.zeitgeistirland24.com\/de\/wp-json\/wp\/v2\/media?parent=2976"}],"wp:term":[{"taxonomy":"post_tag","embeddable":true,"href":"https:\/\/www.zeitgeistirland24.com\/de\/wp-json\/wp\/v2\/tags?post=2976"},{"taxonomy":"tribe_events_cat","embeddable":true,"href":"https:\/\/www.zeitgeistirland24.com\/de\/wp-json\/wp\/v2\/tribe_events_cat?post=2976"}],"curies":[{"name":"wp","href":"https:\/\/api.w.org\/{rel}","templated":true}]}}

<p>In Warnitz in der Uckermark (Brandenburg) wird der 120. Jahrestag des vom irischen Schriftsteller James Joyce in seinem weltberühmten Roman Ulysses beschriebenen Tages im Jahr 1904 gefeiert, an dem sein Held Leopold Bloom von 8 Uhr morgens bis nach Mitternacht durch Dublin wanderte und alles Mögliche dachte und erlebte. Gleichzeitig ist es der 70. Jahrestag des ersten Bloomsday, der damals von den Schriftstellern Patrick Kavanagh, John Ryan und Flann O&#8217;Brien in Irland gefeiert wurde. </p>
<p>Der irische Schriftsteller und Kritiker Liam Mac Cóil schließt sich einer Gruppe von eingeladenen Rednern und Lesern an, um den Tag mit einem umfassenden und abwechslungsreichen Programm zu begehen. Den Auftakt bildet ein &#8216;Bloomsday-Lunch&#8217; um 14:00 Uhr: Gorgonzola-Sandwiches mit “the feety savour of green cheese” und Burgunder Rotwein “the mild fire of wine”.</p>

<!-- This site is optimized with the Yoast SEO plugin v25.0 - https://yoast.com/wordpress/plugins/seo/ -->
<title>Bloomsday in der Uckermark - Zeitgeist Irland 24</title>
<meta name="robots" content="index, follow, max-snippet:-1, max-image-preview:large, max-video-preview:-1" />
<link rel="canonical" href="https://www.zeitgeistirland24.com/event/bloomsday-in-der-uckermark/" />
<meta property="og:locale" content="de_DE" />
<meta property="og:type" content="article" />
<meta property="og:title" content="Bloomsday in der Uckermark - Zeitgeist Irland 24" />
<meta property="og:description" content="Ein festlicher Tag in Brandenburg zu Ehren von James Joyce&#039; Romanklassiker Ulysses" />
<meta property="og:url" content="https://www.zeitgeistirland24.com/event/bloomsday-in-der-uckermark/" />
<meta property="og:site_name" content="Zeitgeist Irland 24" />
<meta property="article:publisher" content="https://www.facebook.com/DepartmentofCultureIRL/" />
<meta name="twitter:card" content="summary_large_image" />
<meta name="twitter:site" content="@DeptCultureIRL" />
<meta name="twitter:label1" content="Est. reading time" />
	<meta name="twitter:data1" content="1 minute" />
<script type="application/ld+json" class="yoast-schema-graph">{"@context":"https://schema.org","@graph":[{"@type":"WebPage","@id":"https://www.zeitgeistirland24.com/event/bloomsday-in-der-uckermark/","url":"https://www.zeitgeistirland24.com/event/bloomsday-in-der-uckermark/","name":"Bloomsday in der Uckermark - Zeitgeist Irland 24","isPartOf":{"@id":"https://www.zeitgeistirland24.com/#website"},"primaryImageOfPage":{"@id":"https://www.zeitgeistirland24.com/event/bloomsday-in-der-uckermark/#primaryimage"},"image":{"@id":"https://www.zeitgeistirland24.com/event/bloomsday-in-der-uckermark/#primaryimage"},"thumbnailUrl":"https://www.zeitgeistirland24.com/app/uploads/2024/05/960-x-640-ZI24-webimage-9.png","datePublished":"2024-06-14T08:56:31+00:00","breadcrumb":{"@id":"https://www.zeitgeistirland24.com/event/bloomsday-in-der-uckermark/#breadcrumb"},"inLanguage":"de-DE","potentialAction":[{"@type":"ReadAction","target":["https://www.zeitgeistirland24.com/event/bloomsday-in-der-uckermark/"]}]},{"@type":"ImageObject","inLanguage":"de-DE","@id":"https://www.zeitgeistirland24.com/event/bloomsday-in-der-uckermark/#primaryimage","url":"https://www.zeitgeistirland24.com/app/uploads/2024/05/960-x-640-ZI24-webimage-9.png","contentUrl":"https://www.zeitgeistirland24.com/app/uploads/2024/05/960-x-640-ZI24-webimage-9.png","width":960,"height":640,"caption":"Míne Mac Cóil, Liam Mac Cóil, Cornelia Jentzsch (Photo: Uta Baatz)"},{"@type":"BreadcrumbList","@id":"https://www.zeitgeistirland24.com/event/bloomsday-in-der-uckermark/#breadcrumb","itemListElement":[{"@type":"ListItem","position":1,"name":"Home","item":"https://www.zeitgeistirland24.com/de/"},{"@type":"ListItem","position":2,"name":"Events","item":"https://www.zeitgeistirland24.com/events/"},{"@type":"ListItem","position":3,"name":"Bloomsday in der Uckermark"}]},{"@type":"WebSite","@id":"https://www.zeitgeistirland24.com/#website","url":"https://www.zeitgeistirland24.com/","name":"Zeitgeist Irland 24","description":"A season of Irish arts and culture in Germany throughout 2024","publisher":{"@id":"https://www.zeitgeistirland24.com/#organization"},"potentialAction":[{"@type":"SearchAction","target":{"@type":"EntryPoint","urlTemplate":"https://www.zeitgeistirland24.com/?s={search_term_string}"},"query-input":{"@type":"PropertyValueSpecification","valueRequired":true,"valueName":"search_term_string"}}],"inLanguage":"de-DE"},{"@type":"Organization","@id":"https://www.zeitgeistirland24.com/#organization","name":"Zeitgeist Irland 24","url":"https://www.zeitgeistirland24.com/","logo":{"@type":"ImageObject","inLanguage":"de-DE","@id":"https://www.zeitgeistirland24.com/#/schema/logo/image/","url":"https://www.zeitgeistirland24.com/app/uploads/2023/11/zeitgeist-logo.png","contentUrl":"https://www.zeitgeistirland24.com/app/uploads/2023/11/zeitgeist-logo.png","width":640,"height":352,"caption":"Zeitgeist Irland 24"},"image":{"@id":"https://www.zeitgeistirland24.com/#/schema/logo/image/"},"sameAs":["https://www.facebook.com/DepartmentofCultureIRL/","https://x.com/DeptCultureIRL","https://www.instagram.com/tourism.culture.gaeltacht"]}]}</script>
<!-- / Yoast SEO plugin. -->

Míne Mac Cóil, Liam Mac Cóil, Cornelia Jentzsch (Photo: Uta Baatz)
