{"id":219,"date":"2023-11-16T13:10:15","date_gmt":"2023-11-16T13:10:15","guid":{"rendered":"https:\/\/www.zeitgeistirland24.com\/about\/"},"modified":"2023-12-05T13:24:14","modified_gmt":"2023-12-05T13:24:14","slug":"about","status":"publish","type":"page","link":"https:\/\/www.zeitgeistirland24.com\/ga\/about\/","title":{"rendered":"Zeitgeist Irland 24"},"content":{"rendered":"\n<h2 class=\"wp-block-heading\">S\u00e9as\u00far eala\u00edona agus cult\u00far na h\u00c9ireann sa Ghearm\u00e1in le linn 2024<\/h2>\n\n\n\n<p>Tioscnamh de chuid Chult\u00far \u00c9ireann agus Ambas\u00e1id na h\u00c9ireann sa Ghearm\u00e1in<\/p>\n\n\n\n<p>Ceili\u00faradh a bheidh in <strong>Zeitgeist Irland 24<\/strong> ar shaibhreas agus \u00e9ags\u00falacht chult\u00far comhaimseartha na h\u00c9ireann. \u00d3 mh\u00f3ruaisle liteartha s\u00edos tr\u00ed na blianta, go ceol traidisi\u00fanta na h\u00c9ireann, rince agus l\u00e9irithe a chonacthas ar fud an domhain, bh\u00ed c\u00e1il riamh ar eala\u00edont\u00f3ir\u00ed na h\u00c9ireann as teorainneacha a sh\u00e1r\u00fa.<\/p>\n\n\n\n<p>Ag insint sc\u00e9alta agus eisp\u00e9iris mhuintir na h\u00c9ireann, cuireann <strong>Zeitgeist Irland 24<\/strong> gl\u00fain nua d\u2019eala\u00edont\u00f3ir\u00ed \u00c9ireannacha os comhair lucht f\u00e9achana sa Ghearm\u00e1in, ag lean\u00faint ag briseadh teorainneacha agus ag t\u00f3g\u00e1il ar \u00e1r gc\u00e1il dhomhanda maidir le s\u00e1rmhaitheas cult\u00fartha.\u00a0<\/p>\n\n\n\n<h2 class=\"wp-block-heading\">B\u00edg\u00ed linn sa Ghearm\u00e1in an bhliain seo chugainn do <em>Zeitgeist Irland 24<\/em><\/h2>\n\n\n\n<p>Sheol an tAire Turas\u00f3ireachta, Cult\u00fair, Eala\u00edon, Gaeltachta, Sp\u00f3irt agus Me\u00e1n, Catherine Martin, agus an T\u00e1naiste agus Aire Gn\u00f3tha\u00ed Eachtracha, Miche\u00e1l Martin <strong>Zeitgeist Irland 24<\/strong> i m\u00ed an Mh\u00e1rta 2023 le comhinfheist\u00edocht \u20ac2 mhilli\u00fan i s\u00e9as\u00far eala\u00edona agus cult\u00far na h\u00c9ireann sa Ghearm\u00e1in.<\/p>\n","protected":false},"excerpt":{"rendered":"<p>S\u00e9as\u00far eala\u00edona agus cult\u00far na h\u00c9ireann sa Ghearm\u00e1in le linn 2024 Tioscnamh de chuid Chult\u00far \u00c9ireann agus Ambas\u00e1id na h\u00c9ireann sa Ghearm\u00e1in Ceili\u00faradh a bheidh in Zeitgeist Irland 24 ar &hellip; <a href=\"https:\/\/www.zeitgeistirland24.com\/ga\/about\/\">Continued<\/a><\/p>\n","protected":false},"author":2,"featured_media":0,"parent":0,"menu_order":0,"comment_status":"closed","ping_status":"closed","template":"","meta":{"_acf_changed":false,"_uag_custom_page_level_css":"","footnotes":""},"class_list":["post-219","page","type-page","status-publish","hentry"],"acf":[],"yoast_head":"<!-- This site is optimized with the Yoast SEO plugin v25.0 - https:\/\/yoast.com\/wordpress\/plugins\/seo\/ -->\n<title>Zeitgeist Irland 24 - Zeitgeist Irland 24<\/title>\n<meta name=\"robots\" content=\"index, follow, max-snippet:-1, max-image-preview:large, max-video-preview:-1\" \/>\n<link rel=\"canonical\" href=\"https:\/\/www.zeitgeistirland24.com\/ga\/about\/\" \/>\n<meta property=\"og:locale\" content=\"ga_IE\" \/>\n<meta property=\"og:type\" content=\"article\" \/>\n<meta property=\"og:title\" content=\"Zeitgeist Irland 24 - Zeitgeist Irland 24\" \/>\n<meta property=\"og:description\" content=\"S\u00e9as\u00far eala\u00edona agus cult\u00far na h\u00c9ireann sa Ghearm\u00e1in le linn 2024 Tioscnamh de chuid Chult\u00far \u00c9ireann agus Ambas\u00e1id na h\u00c9ireann sa Ghearm\u00e1in Ceili\u00faradh a bheidh in Zeitgeist Irland 24 ar &hellip; Continued\" \/>\n<meta property=\"og:url\" content=\"https:\/\/www.zeitgeistirland24.com\/ga\/about\/\" \/>\n<meta property=\"og:site_name\" content=\"Zeitgeist Irland 24\" \/>\n<meta property=\"article:publisher\" content=\"https:\/\/www.facebook.com\/DepartmentofCultureIRL\/\" \/>\n<meta property=\"article:modified_time\" content=\"2023-12-05T13:24:14+00:00\" \/>\n<meta name=\"twitter:card\" content=\"summary_large_image\" \/>\n<meta name=\"twitter:site\" content=\"@DeptCultureIRL\" \/>\n<meta name=\"twitter:label1\" content=\"Est. reading time\" \/>\n\t<meta name=\"twitter:data1\" content=\"1 minute\" \/>\n<script type=\"application\/ld+json\" class=\"yoast-schema-graph\">{\"@context\":\"https:\/\/schema.org\",\"@graph\":[{\"@type\":\"WebPage\",\"@id\":\"https:\/\/www.zeitgeistirland24.com\/ga\/about\/\",\"url\":\"https:\/\/www.zeitgeistirland24.com\/ga\/about\/\",\"name\":\"Zeitgeist Irland 24 - Zeitgeist Irland 24\",\"isPartOf\":{\"@id\":\"https:\/\/www.zeitgeistirland24.com\/#website\"},\"datePublished\":\"2023-11-16T13:10:15+00:00\",\"dateModified\":\"2023-12-05T13:24:14+00:00\",\"breadcrumb\":{\"@id\":\"https:\/\/www.zeitgeistirland24.com\/ga\/about\/#breadcrumb\"},\"inLanguage\":\"ga-IE\",\"potentialAction\":[{\"@type\":\"ReadAction\",\"target\":[\"https:\/\/www.zeitgeistirland24.com\/ga\/about\/\"]}]},{\"@type\":\"BreadcrumbList\",\"@id\":\"https:\/\/www.zeitgeistirland24.com\/ga\/about\/#breadcrumb\",\"itemListElement\":[{\"@type\":\"ListItem\",\"position\":1,\"name\":\"Home\",\"item\":\"https:\/\/www.zeitgeistirland24.com\/ga\/\"},{\"@type\":\"ListItem\",\"position\":2,\"name\":\"Zeitgeist Irland 24\"}]},{\"@type\":\"WebSite\",\"@id\":\"https:\/\/www.zeitgeistirland24.com\/#website\",\"url\":\"https:\/\/www.zeitgeistirland24.com\/\",\"name\":\"Zeitgeist Irland 24\",\"description\":\"A season of Irish arts and culture in Germany throughout 2024\",\"publisher\":{\"@id\":\"https:\/\/www.zeitgeistirland24.com\/#organization\"},\"potentialAction\":[{\"@type\":\"SearchAction\",\"target\":{\"@type\":\"EntryPoint\",\"urlTemplate\":\"https:\/\/www.zeitgeistirland24.com\/?s={search_term_string}\"},\"query-input\":{\"@type\":\"PropertyValueSpecification\",\"valueRequired\":true,\"valueName\":\"search_term_string\"}}],\"inLanguage\":\"ga-IE\"},{\"@type\":\"Organization\",\"@id\":\"https:\/\/www.zeitgeistirland24.com\/#organization\",\"name\":\"Zeitgeist Irland 24\",\"url\":\"https:\/\/www.zeitgeistirland24.com\/\",\"logo\":{\"@type\":\"ImageObject\",\"inLanguage\":\"ga-IE\",\"@id\":\"https:\/\/www.zeitgeistirland24.com\/#\/schema\/logo\/image\/\",\"url\":\"https:\/\/www.zeitgeistirland24.com\/app\/uploads\/2023\/11\/zeitgeist-logo.png\",\"contentUrl\":\"https:\/\/www.zeitgeistirland24.com\/app\/uploads\/2023\/11\/zeitgeist-logo.png\",\"width\":640,\"height\":352,\"caption\":\"Zeitgeist Irland 24\"},\"image\":{\"@id\":\"https:\/\/www.zeitgeistirland24.com\/#\/schema\/logo\/image\/\"},\"sameAs\":[\"https:\/\/www.facebook.com\/DepartmentofCultureIRL\/\",\"https:\/\/x.com\/DeptCultureIRL\",\"https:\/\/www.instagram.com\/tourism.culture.gaeltacht\"]}]}<\/script>\n<!-- \/ Yoast SEO plugin. -->","yoast_head_json":{"title":"Zeitgeist Irland 24 - Zeitgeist Irland 24","robots":{"index":"index","follow":"follow","max-snippet":"max-snippet:-1","max-image-preview":"max-image-preview:large","max-video-preview":"max-video-preview:-1"},"canonical":"https:\/\/www.zeitgeistirland24.com\/ga\/about\/","og_locale":"ga_IE","og_type":"article","og_title":"Zeitgeist Irland 24 - Zeitgeist Irland 24","og_description":"S\u00e9as\u00far eala\u00edona agus cult\u00far na h\u00c9ireann sa Ghearm\u00e1in le linn 2024 Tioscnamh de chuid Chult\u00far \u00c9ireann agus Ambas\u00e1id na h\u00c9ireann sa Ghearm\u00e1in Ceili\u00faradh a bheidh in Zeitgeist Irland 24 ar &hellip; Continued","og_url":"https:\/\/www.zeitgeistirland24.com\/ga\/about\/","og_site_name":"Zeitgeist Irland 24","article_publisher":"https:\/\/www.facebook.com\/DepartmentofCultureIRL\/","article_modified_time":"2023-12-05T13:24:14+00:00","twitter_card":"summary_large_image","twitter_site":"@DeptCultureIRL","twitter_misc":{"Est. reading time":"1 minute"},"schema":{"@context":"https:\/\/schema.org","@graph":[{"@type":"WebPage","@id":"https:\/\/www.zeitgeistirland24.com\/ga\/about\/","url":"https:\/\/www.zeitgeistirland24.com\/ga\/about\/","name":"Zeitgeist Irland 24 - Zeitgeist Irland 24","isPartOf":{"@id":"https:\/\/www.zeitgeistirland24.com\/#website"},"datePublished":"2023-11-16T13:10:15+00:00","dateModified":"2023-12-05T13:24:14+00:00","breadcrumb":{"@id":"https:\/\/www.zeitgeistirland24.com\/ga\/about\/#breadcrumb"},"inLanguage":"ga-IE","potentialAction":[{"@type":"ReadAction","target":["https:\/\/www.zeitgeistirland24.com\/ga\/about\/"]}]},{"@type":"BreadcrumbList","@id":"https:\/\/www.zeitgeistirland24.com\/ga\/about\/#breadcrumb","itemListElement":[{"@type":"ListItem","position":1,"name":"Home","item":"https:\/\/www.zeitgeistirland24.com\/ga\/"},{"@type":"ListItem","position":2,"name":"Zeitgeist Irland 24"}]},{"@type":"WebSite","@id":"https:\/\/www.zeitgeistirland24.com\/#website","url":"https:\/\/www.zeitgeistirland24.com\/","name":"Zeitgeist Irland 24","description":"A season of Irish arts and culture in Germany throughout 2024","publisher":{"@id":"https:\/\/www.zeitgeistirland24.com\/#organization"},"potentialAction":[{"@type":"SearchAction","target":{"@type":"EntryPoint","urlTemplate":"https:\/\/www.zeitgeistirland24.com\/?s={search_term_string}"},"query-input":{"@type":"PropertyValueSpecification","valueRequired":true,"valueName":"search_term_string"}}],"inLanguage":"ga-IE"},{"@type":"Organization","@id":"https:\/\/www.zeitgeistirland24.com\/#organization","name":"Zeitgeist Irland 24","url":"https:\/\/www.zeitgeistirland24.com\/","logo":{"@type":"ImageObject","inLanguage":"ga-IE","@id":"https:\/\/www.zeitgeistirland24.com\/#\/schema\/logo\/image\/","url":"https:\/\/www.zeitgeistirland24.com\/app\/uploads\/2023\/11\/zeitgeist-logo.png","contentUrl":"https:\/\/www.zeitgeistirland24.com\/app\/uploads\/2023\/11\/zeitgeist-logo.png","width":640,"height":352,"caption":"Zeitgeist Irland 24"},"image":{"@id":"https:\/\/www.zeitgeistirland24.com\/#\/schema\/logo\/image\/"},"sameAs":["https:\/\/www.facebook.com\/DepartmentofCultureIRL\/","https:\/\/x.com\/DeptCultureIRL","https:\/\/www.instagram.com\/tourism.culture.gaeltacht"]}]}},"uagb_featured_image_src":{"full":false,"thumbnail":false,"medium":false,"medium_large":false,"large":false,"1536x1536":false,"2048x2048":false,"gform-image-choice-sm":false,"gform-image-choice-md":false,"gform-image-choice-lg":false},"uagb_author_info":{"display_name":"Jose","author_link":"https:\/\/www.zeitgeistirland24.com\/ga\/author\/jose\/"},"uagb_comment_info":0,"uagb_excerpt":"S\u00e9as\u00far eala\u00edona agus cult\u00far na h\u00c9ireann sa Ghearm\u00e1in le linn 2024 Tioscnamh de chuid Chult\u00far \u00c9ireann agus Ambas\u00e1id na h\u00c9ireann sa Ghearm\u00e1in Ceili\u00faradh a bheidh in Zeitgeist Irland 24 ar &hellip; Continued","_links":{"self":[{"href":"https:\/\/www.zeitgeistirland24.com\/ga\/wp-json\/wp\/v2\/pages\/219","targetHints":{"allow":["GET"]}}],"collection":[{"href":"https:\/\/www.zeitgeistirland24.com\/ga\/wp-json\/wp\/v2\/pages"}],"about":[{"href":"https:\/\/www.zeitgeistirland24.com\/ga\/wp-json\/wp\/v2\/types\/page"}],"author":[{"embeddable":true,"href":"https:\/\/www.zeitgeistirland24.com\/ga\/wp-json\/wp\/v2\/users\/2"}],"replies":[{"embeddable":true,"href":"https:\/\/www.zeitgeistirland24.com\/ga\/wp-json\/wp\/v2\/comments?post=219"}],"version-history":[{"count":4,"href":"https:\/\/www.zeitgeistirland24.com\/ga\/wp-json\/wp\/v2\/pages\/219\/revisions"}],"predecessor-version":[{"id":1504,"href":"https:\/\/www.zeitgeistirland24.com\/ga\/wp-json\/wp\/v2\/pages\/219\/revisions\/1504"}],"wp:attachment":[{"href":"https:\/\/www.zeitgeistirland24.com\/ga\/wp-json\/wp\/v2\/media?parent=219"}],"curies":[{"name":"wp","href":"https:\/\/api.w.org\/{rel}","templated":true}]}}

<h2 class="wp-block-heading">Séasúr ealaíona agus cultúr na hÉireann sa Ghearmáin le linn 2024</h2>



<p>Tioscnamh de chuid Chultúr Éireann agus Ambasáid na hÉireann sa Ghearmáin</p>



<p>Ceiliúradh a bheidh in <strong>Zeitgeist Irland 24</strong> ar shaibhreas agus éagsúlacht chultúr comhaimseartha na hÉireann. Ó mhóruaisle liteartha síos trí na blianta, go ceol traidisiúnta na hÉireann, rince agus léirithe a chonacthas ar fud an domhain, bhí cáil riamh ar ealaíontóirí na hÉireann as teorainneacha a shárú.</p>



<p>Ag insint scéalta agus eispéiris mhuintir na hÉireann, cuireann <strong>Zeitgeist Irland 24</strong> glúin nua d’ealaíontóirí Éireannacha os comhair lucht féachana sa Ghearmáin, ag leanúint ag briseadh teorainneacha agus ag tógáil ar ár gcáil dhomhanda maidir le sármhaitheas cultúrtha. </p>



<h2 class="wp-block-heading">Bígí linn sa Ghearmáin an bhliain seo chugainn do <em>Zeitgeist Irland 24</em></h2>



<p>Sheol an tAire Turasóireachta, Cultúir, Ealaíon, Gaeltachta, Spóirt agus Meán, Catherine Martin, agus an Tánaiste agus Aire Gnóthaí Eachtracha, Micheál Martin <strong>Zeitgeist Irland 24</strong> i mí an Mhárta 2023 le comhinfheistíocht €2 mhilliún i séasúr ealaíona agus cultúr na hÉireann sa Ghearmáin.</p>

<p>Séasúr ealaíona agus cultúr na hÉireann sa Ghearmáin le linn 2024 Tioscnamh de chuid Chultúr Éireann agus Ambasáid na hÉireann sa Ghearmáin Ceiliúradh a bheidh in Zeitgeist Irland 24 ar &hellip; <a href="https://www.zeitgeistirland24.com/ga/about/">Continued</a></p>

<!-- This site is optimized with the Yoast SEO plugin v25.0 - https://yoast.com/wordpress/plugins/seo/ -->
<title>Zeitgeist Irland 24 - Zeitgeist Irland 24</title>
<meta name="robots" content="index, follow, max-snippet:-1, max-image-preview:large, max-video-preview:-1" />
<link rel="canonical" href="https://www.zeitgeistirland24.com/ga/about/" />
<meta property="og:locale" content="ga_IE" />
<meta property="og:type" content="article" />
<meta property="og:title" content="Zeitgeist Irland 24 - Zeitgeist Irland 24" />
<meta property="og:description" content="Séasúr ealaíona agus cultúr na hÉireann sa Ghearmáin le linn 2024 Tioscnamh de chuid Chultúr Éireann agus Ambasáid na hÉireann sa Ghearmáin Ceiliúradh a bheidh in Zeitgeist Irland 24 ar &hellip; Continued" />
<meta property="og:url" content="https://www.zeitgeistirland24.com/ga/about/" />
<meta property="og:site_name" content="Zeitgeist Irland 24" />
<meta property="article:publisher" content="https://www.facebook.com/DepartmentofCultureIRL/" />
<meta property="article:modified_time" content="2023-12-05T13:24:14+00:00" />
<meta name="twitter:card" content="summary_large_image" />
<meta name="twitter:site" content="@DeptCultureIRL" />
<meta name="twitter:label1" content="Est. reading time" />
	<meta name="twitter:data1" content="1 minute" />
<script type="application/ld+json" class="yoast-schema-graph">{"@context":"https://schema.org","@graph":[{"@type":"WebPage","@id":"https://www.zeitgeistirland24.com/ga/about/","url":"https://www.zeitgeistirland24.com/ga/about/","name":"Zeitgeist Irland 24 - Zeitgeist Irland 24","isPartOf":{"@id":"https://www.zeitgeistirland24.com/#website"},"datePublished":"2023-11-16T13:10:15+00:00","dateModified":"2023-12-05T13:24:14+00:00","breadcrumb":{"@id":"https://www.zeitgeistirland24.com/ga/about/#breadcrumb"},"inLanguage":"ga-IE","potentialAction":[{"@type":"ReadAction","target":["https://www.zeitgeistirland24.com/ga/about/"]}]},{"@type":"BreadcrumbList","@id":"https://www.zeitgeistirland24.com/ga/about/#breadcrumb","itemListElement":[{"@type":"ListItem","position":1,"name":"Home","item":"https://www.zeitgeistirland24.com/ga/"},{"@type":"ListItem","position":2,"name":"Zeitgeist Irland 24"}]},{"@type":"WebSite","@id":"https://www.zeitgeistirland24.com/#website","url":"https://www.zeitgeistirland24.com/","name":"Zeitgeist Irland 24","description":"A season of Irish arts and culture in Germany throughout 2024","publisher":{"@id":"https://www.zeitgeistirland24.com/#organization"},"potentialAction":[{"@type":"SearchAction","target":{"@type":"EntryPoint","urlTemplate":"https://www.zeitgeistirland24.com/?s={search_term_string}"},"query-input":{"@type":"PropertyValueSpecification","valueRequired":true,"valueName":"search_term_string"}}],"inLanguage":"ga-IE"},{"@type":"Organization","@id":"https://www.zeitgeistirland24.com/#organization","name":"Zeitgeist Irland 24","url":"https://www.zeitgeistirland24.com/","logo":{"@type":"ImageObject","inLanguage":"ga-IE","@id":"https://www.zeitgeistirland24.com/#/schema/logo/image/","url":"https://www.zeitgeistirland24.com/app/uploads/2023/11/zeitgeist-logo.png","contentUrl":"https://www.zeitgeistirland24.com/app/uploads/2023/11/zeitgeist-logo.png","width":640,"height":352,"caption":"Zeitgeist Irland 24"},"image":{"@id":"https://www.zeitgeistirland24.com/#/schema/logo/image/"},"sameAs":["https://www.facebook.com/DepartmentofCultureIRL/","https://x.com/DeptCultureIRL","https://www.instagram.com/tourism.culture.gaeltacht"]}]}</script>
<!-- / Yoast SEO plugin. -->

Séasúr ealaíona agus cultúr na hÉireann sa Ghearmáin le linn 2024 Tioscnamh de chuid Chultúr Éireann agus Ambasáid na hÉireann sa Ghearmáin Ceiliúradh a bheidh in Zeitgeist Irland 24 ar &hellip; Continued
